{"id":6508,"date":"2025-09-17T12:11:22","date_gmt":"2025-09-17T10:11:22","guid":{"rendered":"https:\/\/dev.jfm-audit.com\/epoque-gestion\/_bien\/residence-elysee-2-residence-avec-piscine-et-tennis-appartement-2-chambres-avec-cave-et-parking-exterieur\/"},"modified":"2025-09-17T12:11:22","modified_gmt":"2025-09-17T10:11:22","slug":"residence-elysee-2-residence-avec-piscine-et-tennis-appartement-2-chambres-avec-cave-et-parking-exterieur","status":"publish","type":"_bien","link":"https:\/\/dev.jfm-audit.com\/epoque-gestion\/_bien\/residence-elysee-2-residence-avec-piscine-et-tennis-appartement-2-chambres-avec-cave-et-parking-exterieur\/","title":{"rendered":"RESIDENCE ELYSEE 2 (r\u00e9sidence avec piscine et tennis) : appartement 2 chambres avec cave et parking ext\u00e9rieur"},"content":{"rendered":"<p>RESIDENCE ELYSEE 2 (r\u00e9sidence avec piscine et tennis) : appartement en bon \u00e9tat comprenant entr\u00e9e, s\u00e9jour double sur balcon sud-est, cuisine ouverte am\u00e9nag\u00e9e, deux chambres, dressing, placard, salle de bains, WC s\u00e9par\u00e9, cave et parking ext\u00e9rieur.<\/p>\n<p>Honoraires de 940 \u20ac TTC  \u00e0 la charge du locataire comprenant  217 \u20ac TTC  pour l&rsquo;\u00e9tat des lieux. Loyer de base 1220 \u20ac\/mois. Provision sur charges 260 \u20ac\/mois, r\u00e9gularisation annuelle. D\u00e9p\u00f4t de garantie 1 220 \u20ac. Classe \u00e9nergie D, Classe climat D. Montant moyen estim\u00e9 des d\u00e9penses annuelles d&rsquo;\u00e9nergie pour un usage standard, \u00e9tabli \u00e0 partir des prix de l&rsquo;\u00e9nergie de l&rsquo;ann\u00e9e 2011 : 1184.00 \u20ac. Date de r\u00e9alisation du DPE : 30-11-2011. Les informations sur les risques auxquels ce bien est expos\u00e9 sont disponibles sur le site G\u00e9orisques : georisques.gouv.fr. <\/p>\n","protected":false},"featured_media":6509,"template":"","_type-de-bien":[58],"_categorie-de-loffre":[64],"_ville":[60],"_chambret":[61],"_piecet":[63],"_exclusivite":[],"class_list":["post-6508","_bien","type-_bien","status-publish","has-post-thumbnail","hentry","_type-de-bien-appartement","_categorie-de-loffre-location","_ville-la-celle-saint-cloud","_chambret-61","_piecet-63"],"_links":{"self":[{"href":"https:\/\/dev.jfm-audit.com\/epoque-gestion\/wp-json\/wp\/v2\/_bien\/6508","targetHints":{"allow":["GET"]}}],"collection":[{"href":"https:\/\/dev.jfm-audit.com\/epoque-gestion\/wp-json\/wp\/v2\/_bien"}],"about":[{"href":"https:\/\/dev.jfm-audit.com\/epoque-gestion\/wp-json\/wp\/v2\/types\/_bien"}],"wp:featuredmedia":[{"embeddable":true,"href":"https:\/\/dev.jfm-audit.com\/epoque-gestion\/wp-json\/wp\/v2\/media\/6509"}],"wp:attachment":[{"href":"https:\/\/dev.jfm-audit.com\/epoque-gestion\/wp-json\/wp\/v2\/media?parent=6508"}],"wp:term":[{"taxonomy":"_type-de-bien","embeddable":true,"href":"https:\/\/dev.jfm-audit.com\/epoque-gestion\/wp-json\/wp\/v2\/_type-de-bien?post=6508"},{"taxonomy":"_categorie-de-loffre","embeddable":true,"href":"https:\/\/dev.jfm-audit.com\/epoque-gestion\/wp-json\/wp\/v2\/_categorie-de-loffre?post=6508"},{"taxonomy":"_ville","embeddable":true,"href":"https:\/\/dev.jfm-audit.com\/epoque-gestion\/wp-json\/wp\/v2\/_ville?post=6508"},{"taxonomy":"_chambret","embeddable":true,"href":"https:\/\/dev.jfm-audit.com\/epoque-gestion\/wp-json\/wp\/v2\/_chambret?post=6508"},{"taxonomy":"_piecet","embeddable":true,"href":"https:\/\/dev.jfm-audit.com\/epoque-gestion\/wp-json\/wp\/v2\/_piecet?post=6508"},{"taxonomy":"_exclusivite","embeddable":true,"href":"https:\/\/dev.jfm-audit.com\/epoque-gestion\/wp-json\/wp\/v2\/_exclusivite?post=6508"}],"curies":[{"name":"wp","href":"https:\/\/api.w.org\/{rel}","templated":true}]}}

RESIDENCE ELYSEE 2 (résidence avec piscine et tennis) : appartement 2 chambres avec cave et parking extérieur

<p>RESIDENCE ELYSEE 2 (résidence avec piscine et tennis) : appartement en bon état comprenant entrée, séjour double sur balcon sud-est, cuisine ouverte aménagée, deux chambres, dressing, placard, salle de bains, WC séparé, cave et parking extérieur.</p>
<p>Honoraires de 940 € TTC  à la charge du locataire comprenant  217 € TTC  pour l&rsquo;état des lieux. Loyer de base 1220 €/mois. Provision sur charges 260 €/mois, régularisation annuelle. Dépôt de garantie 1 220 €. Classe énergie D, Classe climat D. Montant moyen estimé des dépenses annuelles d&rsquo;énergie pour un usage standard, établi à partir des prix de l&rsquo;énergie de l&rsquo;année 2011 : 1184.00 €. Date de réalisation du DPE : 30-11-2011. Les informations sur les risques auxquels ce bien est exposé sont disponibles sur le site Géorisques : georisques.gouv.fr. </p>
