{"id":6657,"date":"2025-09-17T12:11:22","date_gmt":"2025-09-17T10:11:22","guid":{"rendered":"https:\/\/dev.jfm-audit.com\/epoque-gestion\/_bien\/appartement-de-88-m2-avec-balcon\/"},"modified":"2025-09-17T12:11:22","modified_gmt":"2025-09-17T10:11:22","slug":"appartement-de-88-m2-avec-balcon","status":"publish","type":"_bien","link":"https:\/\/dev.jfm-audit.com\/epoque-gestion\/_bien\/appartement-de-88-m2-avec-balcon\/","title":{"rendered":"Appartement de 88 m2 avec balcon"},"content":{"rendered":"<p>Au c\u0153ur de la r\u00e9sidence Elys\u00e9e 1, connue pour son environnement calme, verdoyant et bien entretenu, d\u00e9couvrez ce bel appartement de 88 m\u00b2 situ\u00e9 au 2\u00e8me \u00e9tage. Il se compose d\u2019un s\u00e9jour lumineux donnant sur un balcon, d\u2019une cuisine am\u00e9nag\u00e9e ouverte, de 3 chambres et de deux salles de douche. Un parking ext\u00e9rieur compl\u00e8te ce bien.<br \/>\u00c0 proximit\u00e9 imm\u00e9diate des \u00e9coles, des commerces, des transports et des grands axes, cet appartement offre un cadre de vie \u00e0 la fois pratique et agr\u00e9able.<\/p>\n<p>Honoraires de 1 144 \u20ac TTC  \u00e0 la charge du locataire comprenant  264 \u20ac TTC  pour l&rsquo;\u00e9tat des lieux. Loyer de base 1340 \u20ac\/mois. Provision sur charges 350 \u20ac\/mois, r\u00e9gularisation annuelle. D\u00e9p\u00f4t de garantie 1 340 \u20ac. DPE en cours. Les informations sur les risques auxquels ce bien est expos\u00e9 sont disponibles sur le site G\u00e9orisques : georisques.gouv.fr. <\/p>\n","protected":false},"featured_media":6658,"template":"","_type-de-bien":[58],"_categorie-de-loffre":[64],"_ville":[60],"_chambret":[65],"_piecet":[63],"_exclusivite":[],"class_list":["post-6657","_bien","type-_bien","status-publish","has-post-thumbnail","hentry","_type-de-bien-appartement","_categorie-de-loffre-location","_ville-la-celle-saint-cloud","_chambret-65","_piecet-63"],"_links":{"self":[{"href":"https:\/\/dev.jfm-audit.com\/epoque-gestion\/wp-json\/wp\/v2\/_bien\/6657","targetHints":{"allow":["GET"]}}],"collection":[{"href":"https:\/\/dev.jfm-audit.com\/epoque-gestion\/wp-json\/wp\/v2\/_bien"}],"about":[{"href":"https:\/\/dev.jfm-audit.com\/epoque-gestion\/wp-json\/wp\/v2\/types\/_bien"}],"wp:featuredmedia":[{"embeddable":true,"href":"https:\/\/dev.jfm-audit.com\/epoque-gestion\/wp-json\/wp\/v2\/media\/6658"}],"wp:attachment":[{"href":"https:\/\/dev.jfm-audit.com\/epoque-gestion\/wp-json\/wp\/v2\/media?parent=6657"}],"wp:term":[{"taxonomy":"_type-de-bien","embeddable":true,"href":"https:\/\/dev.jfm-audit.com\/epoque-gestion\/wp-json\/wp\/v2\/_type-de-bien?post=6657"},{"taxonomy":"_categorie-de-loffre","embeddable":true,"href":"https:\/\/dev.jfm-audit.com\/epoque-gestion\/wp-json\/wp\/v2\/_categorie-de-loffre?post=6657"},{"taxonomy":"_ville","embeddable":true,"href":"https:\/\/dev.jfm-audit.com\/epoque-gestion\/wp-json\/wp\/v2\/_ville?post=6657"},{"taxonomy":"_chambret","embeddable":true,"href":"https:\/\/dev.jfm-audit.com\/epoque-gestion\/wp-json\/wp\/v2\/_chambret?post=6657"},{"taxonomy":"_piecet","embeddable":true,"href":"https:\/\/dev.jfm-audit.com\/epoque-gestion\/wp-json\/wp\/v2\/_piecet?post=6657"},{"taxonomy":"_exclusivite","embeddable":true,"href":"https:\/\/dev.jfm-audit.com\/epoque-gestion\/wp-json\/wp\/v2\/_exclusivite?post=6657"}],"curies":[{"name":"wp","href":"https:\/\/api.w.org\/{rel}","templated":true}]}}

<p>Au cœur de la résidence Elysée 1, connue pour son environnement calme, verdoyant et bien entretenu, découvrez ce bel appartement de 88 m² situé au 2ème étage. Il se compose d’un séjour lumineux donnant sur un balcon, d’une cuisine aménagée ouverte, de 3 chambres et de deux salles de douche. Un parking extérieur complète ce bien.<br />À proximité immédiate des écoles, des commerces, des transports et des grands axes, cet appartement offre un cadre de vie à la fois pratique et agréable.</p>
<p>Honoraires de 1 144 € TTC  à la charge du locataire comprenant  264 € TTC  pour l&rsquo;état des lieux. Loyer de base 1340 €/mois. Provision sur charges 350 €/mois, régularisation annuelle. Dépôt de garantie 1 340 €. DPE en cours. Les informations sur les risques auxquels ce bien est exposé sont disponibles sur le site Géorisques : georisques.gouv.fr. </p>
