{"id":3792,"date":"2024-07-03T12:19:59","date_gmt":"2024-07-03T10:19:59","guid":{"rendered":"https:\/\/dev.jfm-audit.com\/epoque-gestion\/?page_id=3792"},"modified":"2025-06-04T14:49:07","modified_gmt":"2025-06-04T12:49:07","slug":"estimation","status":"publish","type":"page","link":"https:\/\/dev.jfm-audit.com\/epoque-gestion\/estimation\/","title":{"rendered":"Estimation"},"content":{"rendered":"\t\t<div data-elementor-type=\"wp-page\" data-elementor-id=\"3792\" class=\"elementor elementor-3792\" data-elementor-post-type=\"page\">\n\t\t\t\t<div class=\"elementor-element elementor-element-70b844d e-con-full e-flex e-con e-parent\" data-id=\"70b844d\" data-element_type=\"container\" data-settings=\"{&quot;jet_parallax_layout_list&quot;:[]}\">\n\t\t<div class=\"elementor-element elementor-element-23cc72a e-con-full e-flex e-con e-child\" data-id=\"23cc72a\" data-element_type=\"container\" data-settings=\"{&quot;background_motion_fx_translateY_effect&quot;:&quot;yes&quot;,&quot;background_motion_fx_translateY_speed&quot;:{&quot;unit&quot;:&quot;px&quot;,&quot;size&quot;:5,&quot;sizes&quot;:[]},&quot;jet_parallax_layout_list&quot;:[],&quot;background_motion_fx_translateY_affectedRange&quot;:{&quot;unit&quot;:&quot;%&quot;,&quot;size&quot;:&quot;&quot;,&quot;sizes&quot;:{&quot;start&quot;:0,&quot;end&quot;:100}},&quot;background_motion_fx_devices&quot;:[&quot;desktop&quot;,&quot;tablet&quot;,&quot;mobile&quot;]}\">\n\t\t\t\t<div class=\"elementor-element elementor-element-a18819e elementor-widget elementor-widget-heading\" data-id=\"a18819e\" data-element_type=\"widget\" data-widget_type=\"heading.default\">\n\t\t\t\t\t<h2 class=\"elementor-heading-title elementor-size-default\">Estimation de Votre Bien Immobilier<\/h2>\t\t\t\t<\/div>\n\t\t\t\t<div class=\"elementor-element elementor-element-00f4931 elementor-widget elementor-widget-text-editor\" data-id=\"00f4931\" data-element_type=\"widget\" data-widget_type=\"text-editor.default\">\n\t\t\t\t\t\t\t\t\t<p class=\"p1\">Chez <span class=\"s1\"><b>Anthony\u2019s Immobilier &#8211; Agence Epoque Gestion<\/b><\/span>, nous savons \u00e0 quel point il est important de conna\u00eetre la juste valeur de votre bien immobilier, que vous souhaitiez vendre, louer ou simplement avoir une id\u00e9e pr\u00e9cise de sa valeur sur le march\u00e9. Gr\u00e2ce \u00e0 notre expertise locale et \u00e0 notre connaissance approfondie du march\u00e9 immobilier, nous vous proposons une <span class=\"s1\"><b>estimation gratuite et sans engagement<\/b><\/span> de votre bien.<\/p>\t\t\t\t\t\t\t\t<\/div>\n\t\t\t\t<\/div>\n\t\t\t\t<\/div>\n\t\t<div class=\"elementor-element elementor-element-bc0b298 e-flex e-con-boxed e-con e-parent\" data-id=\"bc0b298\" data-element_type=\"container\" data-settings=\"{&quot;jet_parallax_layout_list&quot;:[]}\">\n\t\t\t\t\t<div class=\"e-con-inner\">\n\t\t<div class=\"elementor-element elementor-element-b03695d e-con-full e-flex e-con e-child\" data-id=\"b03695d\" data-element_type=\"container\" data-settings=\"{&quot;background_background&quot;:&quot;slideshow&quot;,&quot;background_motion_fx_translateY_effect&quot;:&quot;yes&quot;,&quot;background_motion_fx_translateY_speed&quot;:{&quot;unit&quot;:&quot;px&quot;,&quot;size&quot;:5,&quot;sizes&quot;:[]},&quot;jet_parallax_layout_list&quot;:[],&quot;background_slideshow_gallery&quot;:[{&quot;id&quot;:3885,&quot;url&quot;:&quot;https:\\\/\\\/dev.jfm-audit.com\\\/epoque-gestion\\\/wp-content\\\/uploads\\\/2024\\\/07\\\/interiors-of-a-modern-living-room-T6VWZ8Q.jpg&quot;},{&quot;id&quot;:3884,&quot;url&quot;:&quot;https:\\\/\\\/dev.jfm-audit.com\\\/epoque-gestion\\\/wp-content\\\/uploads\\\/2024\\\/07\\\/interiors-of-a-modern-living-room-NMCWF4N.jpg&quot;},{&quot;id&quot;:3886,&quot;url&quot;:&quot;https:\\\/\\\/dev.jfm-audit.com\\\/epoque-gestion\\\/wp-content\\\/uploads\\\/2024\\\/07\\\/living-room-interior-P76AMCH.jpg&quot;},{&quot;id&quot;:3879,&quot;url&quot;:&quot;https:\\\/\\\/dev.jfm-audit.com\\\/epoque-gestion\\\/wp-content\\\/uploads\\\/2024\\\/07\\\/interior-of-living-room-H7DWEM7.jpg&quot;}],&quot;background_slideshow_slide_transition&quot;:&quot;slide_left&quot;,&quot;background_slideshow_ken_burns&quot;:&quot;yes&quot;,&quot;background_slideshow_loop&quot;:&quot;yes&quot;,&quot;background_slideshow_slide_duration&quot;:5000,&quot;background_slideshow_transition_duration&quot;:500,&quot;background_slideshow_ken_burns_zoom_direction&quot;:&quot;in&quot;,&quot;background_motion_fx_translateY_affectedRange&quot;:{&quot;unit&quot;:&quot;%&quot;,&quot;size&quot;:&quot;&quot;,&quot;sizes&quot;:{&quot;start&quot;:0,&quot;end&quot;:100}},&quot;background_motion_fx_devices&quot;:[&quot;desktop&quot;,&quot;tablet&quot;,&quot;mobile&quot;]}\">\n\t\t\t\t<div class=\"elementor-element elementor-element-073df21 elementor-widget elementor-widget-spacer\" data-id=\"073df21\" data-element_type=\"widget\" data-widget_type=\"spacer.default\">\n\t\t\t\t\t\t\t<div class=\"elementor-spacer\">\n\t\t\t<div class=\"elementor-spacer-inner\"><\/div>\n\t\t<\/div>\n\t\t\t\t\t\t<\/div>\n\t\t\t\t<\/div>\n\t\t<div class=\"elementor-element elementor-element-363fe30 e-con-full e-flex e-con e-child\" data-id=\"363fe30\" data-element_type=\"container\" data-settings=\"{&quot;background_background&quot;:&quot;classic&quot;,&quot;jet_parallax_layout_list&quot;:[]}\">\n\t\t\t\t<div class=\"elementor-element elementor-element-4e21646 elementor-widget elementor-widget-heading\" data-id=\"4e21646\" data-element_type=\"widget\" data-widget_type=\"heading.default\">\n\t\t\t\t\t<h2 class=\"elementor-heading-title elementor-size-default\">Comment se d\u00e9roule l\u2019estimation ?<\/h2>\t\t\t\t<\/div>\n\t\t\t\t<div class=\"elementor-element elementor-element-eb09fbd elementor-widget elementor-widget-text-editor\" data-id=\"eb09fbd\" data-element_type=\"widget\" data-widget_type=\"text-editor.default\">\n\t\t\t\t\t\t\t\t\t<ol start=\"1\"><li><p class=\"p1\"><b>Prise de contact<\/b><b><\/b><\/p><p class=\"p2\">La premi\u00e8re \u00e9tape consiste \u00e0 prendre contact avec nous. Vous pouvez remplir notre formulaire d\u2019estimation en ligne ou nous appeler directement pour discuter de votre bien.<\/p><\/li><li><p class=\"p1\"><b>Visite du bien<\/b><b><\/b><\/p><p class=\"p2\">Nos experts se rendent sur place pour analyser votre bien en d\u00e9tail. Nous prenons en compte de nombreux crit\u00e8res comme la superficie, l\u2019\u00e9tat g\u00e9n\u00e9ral, la localisation, les \u00e9quipements, et les caract\u00e9ristiques particuli\u00e8res de votre bien.<\/p><\/li><li><p class=\"p1\"><b>Analyse du march\u00e9 local<\/b><b><\/b><\/p><p class=\"p2\">Nous comparons votre bien avec des biens similaires r\u00e9cemment vendus ou lou\u00e9s dans votre secteur. Cela nous permet de vous fournir une estimation r\u00e9aliste et bas\u00e9e sur des donn\u00e9es concr\u00e8tes du march\u00e9 local.<\/p><\/li><li><p class=\"p1\"><b>Estimation gratuite<\/b><b><\/b><\/p><p class=\"p2\">Apr\u00e8s l\u2019analyse, nous vous remettons une estimation compl\u00e8te, d\u00e9taillant le prix de vente ou de location conseill\u00e9, ainsi que des recommandations pour optimiser votre bien avant la vente ou la location.<\/p><\/li><\/ol>\t\t\t\t\t\t\t\t<\/div>\n\t\t\t\t<\/div>\n\t\t\t\t\t<\/div>\n\t\t\t\t<\/div>\n\t\t<div class=\"elementor-element elementor-element-b2dc9a9 e-flex e-con-boxed e-con e-parent\" data-id=\"b2dc9a9\" data-element_type=\"container\" data-settings=\"{&quot;jet_parallax_layout_list&quot;:[]}\">\n\t\t\t\t\t<div class=\"e-con-inner\">\n\t\t<div class=\"elementor-element elementor-element-9472465 e-con-full e-flex e-con e-child\" data-id=\"9472465\" data-element_type=\"container\" data-settings=\"{&quot;background_background&quot;:&quot;classic&quot;,&quot;jet_parallax_layout_list&quot;:[]}\">\n\t\t\t\t<div class=\"elementor-element elementor-element-4c78046 elementor-widget elementor-widget-heading\" data-id=\"4c78046\" data-element_type=\"widget\" data-widget_type=\"heading.default\">\n\t\t\t\t\t<h2 class=\"elementor-heading-title elementor-size-default\">Les Crit\u00e8res Pris en Compte pour l\u2019Estimation<\/h2>\t\t\t\t<\/div>\n\t\t\t\t<div class=\"elementor-element elementor-element-33062b2 elementor-widget elementor-widget-text-editor\" data-id=\"33062b2\" data-element_type=\"widget\" data-widget_type=\"text-editor.default\">\n\t\t\t\t\t\t\t\t\t<p class=\"p1\">Pour fournir une estimation pr\u00e9cise et juste, nous prenons en compte plusieurs crit\u00e8res importants, tels que :<\/p><ul><li><p class=\"p1\"><span class=\"s1\"><b>La localisation<\/b><\/span> : La proximit\u00e9 des transports, \u00e9coles, commerces et des principaux axes routiers.<\/p><\/li><li><p class=\"p1\"><span class=\"s1\"><b>La surface du bien<\/b><\/span> : La superficie habitable, le nombre de chambres et d\u2019espaces suppl\u00e9mentaires (balcons, terrasse, cave, etc.).<\/p><\/li><li><p class=\"p1\"><span class=\"s1\"><b>L\u2019\u00e9tat g\u00e9n\u00e9ral<\/b><\/span> : La qualit\u00e9 de la construction, des installations et des \u00e9quipements (cuisine, salle de bain, chauffage, etc.).<\/p><\/li><li><p class=\"p1\"><span class=\"s1\"><b>Les caract\u00e9ristiques particuli\u00e8res<\/b><\/span> : L\u2019exposition du bien, la vue, le type d\u2019immeuble, l\u2019histoire de la propri\u00e9t\u00e9, etc.<\/p><\/li><li><p class=\"p1\"><span class=\"s1\"><b>Le march\u00e9 local<\/b><\/span> : Les tendances du march\u00e9 immobilier dans votre secteur g\u00e9ographique.<\/p><\/li><\/ul>\t\t\t\t\t\t\t\t<\/div>\n\t\t\t\t<\/div>\n\t\t<div class=\"elementor-element elementor-element-574cac3 e-con-full e-flex e-con e-child\" data-id=\"574cac3\" data-element_type=\"container\" data-settings=\"{&quot;background_background&quot;:&quot;classic&quot;,&quot;background_motion_fx_motion_fx_scrolling&quot;:&quot;yes&quot;,&quot;background_motion_fx_translateY_effect&quot;:&quot;yes&quot;,&quot;background_motion_fx_translateY_speed&quot;:{&quot;unit&quot;:&quot;px&quot;,&quot;size&quot;:5,&quot;sizes&quot;:[]},&quot;jet_parallax_layout_list&quot;:[],&quot;background_motion_fx_translateY_affectedRange&quot;:{&quot;unit&quot;:&quot;%&quot;,&quot;size&quot;:&quot;&quot;,&quot;sizes&quot;:{&quot;start&quot;:0,&quot;end&quot;:100}},&quot;background_motion_fx_devices&quot;:[&quot;desktop&quot;,&quot;tablet&quot;,&quot;mobile&quot;]}\">\n\t\t\t\t<div class=\"elementor-element elementor-element-cdbba94 elementor-widget elementor-widget-spacer\" data-id=\"cdbba94\" data-element_type=\"widget\" data-widget_type=\"spacer.default\">\n\t\t\t\t\t\t\t<div class=\"elementor-spacer\">\n\t\t\t<div class=\"elementor-spacer-inner\"><\/div>\n\t\t<\/div>\n\t\t\t\t\t\t<\/div>\n\t\t\t\t<\/div>\n\t\t\t\t\t<\/div>\n\t\t\t\t<\/div>\n\t\t<div class=\"elementor-element elementor-element-21d3c0f e-flex e-con-boxed e-con e-parent\" data-id=\"21d3c0f\" data-element_type=\"container\" data-settings=\"{&quot;jet_parallax_layout_list&quot;:[],&quot;background_background&quot;:&quot;gradient&quot;}\">\n\t\t\t\t\t<div class=\"e-con-inner\">\n\t\t\t\t<div class=\"elementor-element elementor-element-1230757 elementor-widget elementor-widget-heading\" data-id=\"1230757\" data-element_type=\"widget\" data-widget_type=\"heading.default\">\n\t\t\t\t\t<h2 class=\"elementor-heading-title elementor-size-default\">Estimation en Ligne<\/h2>\t\t\t\t<\/div>\n\t\t\t\t<div class=\"elementor-element elementor-element-ff63c99 elementor-widget elementor-widget-text-editor\" data-id=\"ff63c99\" data-element_type=\"widget\" data-widget_type=\"text-editor.default\">\n\t\t\t\t\t\t\t\t\t<p class=\"p1\">Vous n\u2019avez pas le temps de nous rencontrer ? Pas de probl\u00e8me ! Nous vous offrons la possibilit\u00e9 d\u2019obtenir une estimation rapide et gratuite de votre bien en ligne. Remplissez simplement le formulaire ci-dessous en indiquant les informations relatives \u00e0 votre bien, et nous vous enverrons une premi\u00e8re estimation dans les plus brefs d\u00e9lais.<\/p>\t\t\t\t\t\t\t\t<\/div>\n\t\t\t\t\t<\/div>\n\t\t\t\t<\/div>\n\t\t<div class=\"elementor-element elementor-element-029adee e-flex e-con-boxed e-con e-parent\" data-id=\"029adee\" data-element_type=\"container\" data-settings=\"{&quot;background_background&quot;:&quot;classic&quot;,&quot;jet_parallax_layout_list&quot;:[]}\">\n\t\t\t\t\t<div class=\"e-con-inner\">\n\t\t<div class=\"elementor-element elementor-element-a7cf12e e-con-full e-flex e-con e-child\" data-id=\"a7cf12e\" data-element_type=\"container\" data-settings=\"{&quot;jet_parallax_layout_list&quot;:[]}\">\n\t\t\t\t<div class=\"elementor-element elementor-element-27df470 elementor-widget elementor-widget-heading\" data-id=\"27df470\" data-element_type=\"widget\" data-widget_type=\"heading.default\">\n\t\t\t\t\t<h2 class=\"elementor-heading-title elementor-size-default\">Demandez une Estimation Gratuite de Votre Bien Immobilier<\/h2>\t\t\t\t<\/div>\n\t\t\t\t<div class=\"elementor-element elementor-element-0d128d1 elementor-invisible elementor-widget elementor-widget-image\" data-id=\"0d128d1\" data-element_type=\"widget\" data-settings=\"{&quot;_animation&quot;:&quot;fadeIn&quot;}\" data-widget_type=\"image.default\">\n\t\t\t\t\t\t\t\t\t\t\t\t\t\t\t<img fetchpriority=\"high\" decoding=\"async\" width=\"800\" height=\"613\" src=\"https:\/\/dev.jfm-audit.com\/epoque-gestion\/wp-content\/uploads\/2025\/05\/Capture-decran-2025-05-21-a-14.36.50-1024x785.png\" class=\"attachment-large size-large wp-image-5257\" alt=\"\" srcset=\"https:\/\/dev.jfm-audit.com\/epoque-gestion\/wp-content\/uploads\/2025\/05\/Capture-decran-2025-05-21-a-14.36.50-1024x785.png 1024w, https:\/\/dev.jfm-audit.com\/epoque-gestion\/wp-content\/uploads\/2025\/05\/Capture-decran-2025-05-21-a-14.36.50-300x230.png 300w, https:\/\/dev.jfm-audit.com\/epoque-gestion\/wp-content\/uploads\/2025\/05\/Capture-decran-2025-05-21-a-14.36.50-768x589.png 768w, https:\/\/dev.jfm-audit.com\/epoque-gestion\/wp-content\/uploads\/2025\/05\/Capture-decran-2025-05-21-a-14.36.50-1536x1177.png 1536w, https:\/\/dev.jfm-audit.com\/epoque-gestion\/wp-content\/uploads\/2025\/05\/Capture-decran-2025-05-21-a-14.36.50.png 2038w\" sizes=\"(max-width: 800px) 100vw, 800px\" \/>\t\t\t\t\t\t\t\t\t\t\t\t\t\t\t<\/div>\n\t\t\t\t<\/div>\n\t\t<div class=\"elementor-element elementor-element-ab48d10 e-con-full e-flex e-con e-child\" data-id=\"ab48d10\" data-element_type=\"container\" data-settings=\"{&quot;jet_parallax_layout_list&quot;:[]}\">\n\t\t\t\t<div class=\"elementor-element elementor-element-b316c2d elementor-button-align-stretch elementor-widget elementor-widget-form\" data-id=\"b316c2d\" data-element_type=\"widget\" data-settings=\"{&quot;step_next_label&quot;:&quot;Suivant&quot;,&quot;step_previous_label&quot;:&quot;Pr\\u00e9c\\u00e9dent&quot;,&quot;button_width&quot;:&quot;100&quot;,&quot;step_type&quot;:&quot;number_text&quot;,&quot;step_icon_shape&quot;:&quot;circle&quot;}\" data-widget_type=\"form.default\">\n\t\t\t\t\t\t\t<form class=\"elementor-form\" method=\"post\" name=\"Nouveau formulaire\">\n\t\t\t<input type=\"hidden\" name=\"post_id\" value=\"3792\"\/>\n\t\t\t<input type=\"hidden\" name=\"form_id\" value=\"b316c2d\"\/>\n\t\t\t<input type=\"hidden\" name=\"referer_title\" value=\"Estimation\" \/>\n\n\t\t\t\t\t\t\t<input type=\"hidden\" name=\"queried_id\" value=\"3792\"\/>\n\t\t\t\n\t\t\t<div class=\"elementor-form-fields-wrapper elementor-labels-above\">\n\t\t\t\t\t\t\t\t<div class=\"elementor-field-type-text elementor-field-group elementor-column elementor-field-group-name elementor-col-50\">\n\t\t\t\t\t\t\t\t\t\t\t\t<label for=\"form-field-name\" class=\"elementor-field-label\">\n\t\t\t\t\t\t\t\tVotre Nom\t\t\t\t\t\t\t<\/label>\n\t\t\t\t\t\t\t\t\t\t\t\t\t\t<input size=\"1\" type=\"text\" name=\"form_fields[name]\" id=\"form-field-name\" class=\"elementor-field elementor-size-sm  elementor-field-textual\" placeholder=\"Nom\">\n\t\t\t\t\t\t\t\t\t\t\t<\/div>\n\t\t\t\t\t\t\t\t<div class=\"elementor-field-type-text elementor-field-group elementor-column elementor-field-group-field_055ae28 elementor-col-50\">\n\t\t\t\t\t\t\t\t\t\t\t\t<label for=\"form-field-field_055ae28\" class=\"elementor-field-label\">\n\t\t\t\t\t\t\t\tVotre Pr\u00e9nom\t\t\t\t\t\t\t<\/label>\n\t\t\t\t\t\t\t\t\t\t\t\t\t\t<input size=\"1\" type=\"text\" name=\"form_fields[field_055ae28]\" id=\"form-field-field_055ae28\" class=\"elementor-field elementor-size-sm  elementor-field-textual\" placeholder=\"Pr\u00e9nom\">\n\t\t\t\t\t\t\t\t\t\t\t<\/div>\n\t\t\t\t\t\t\t\t<div class=\"elementor-field-type-tel elementor-field-group elementor-column elementor-field-group-field_397eb8f elementor-col-50\">\n\t\t\t\t\t\t\t\t\t\t\t\t<label for=\"form-field-field_397eb8f\" class=\"elementor-field-label\">\n\t\t\t\t\t\t\t\tT\u00e9l\u00e9phone\t\t\t\t\t\t\t<\/label>\n\t\t\t\t\t\t\t\t<input size=\"1\" type=\"tel\" name=\"form_fields[field_397eb8f]\" id=\"form-field-field_397eb8f\" class=\"elementor-field elementor-size-sm  elementor-field-textual\" placeholder=\"XX XX XX XX\" pattern=\"[0-9()#&amp;+*-=.]+\" title=\"Seuls les caract\u00e8res de num\u00e9ros de t\u00e9l\u00e9phone (#, -, *, etc.) sont accept\u00e9s.\">\n\n\t\t\t\t\t\t<\/div>\n\t\t\t\t\t\t\t\t<div class=\"elementor-field-type-email elementor-field-group elementor-column elementor-field-group-email elementor-col-50 elementor-field-required\">\n\t\t\t\t\t\t\t\t\t\t\t\t<label for=\"form-field-email\" class=\"elementor-field-label\">\n\t\t\t\t\t\t\t\tE-mail\t\t\t\t\t\t\t<\/label>\n\t\t\t\t\t\t\t\t\t\t\t\t\t\t<input size=\"1\" type=\"email\" name=\"form_fields[email]\" id=\"form-field-email\" class=\"elementor-field elementor-size-sm  elementor-field-textual\" placeholder=\"E-mail\" required=\"required\">\n\t\t\t\t\t\t\t\t\t\t\t<\/div>\n\t\t\t\t\t\t\t\t<div class=\"elementor-field-type-text elementor-field-group elementor-column elementor-field-group-field_58c4f2c elementor-col-50 elementor-md-50\">\n\t\t\t\t\t\t\t\t\t\t\t\t<label for=\"form-field-field_58c4f2c\" class=\"elementor-field-label\">\n\t\t\t\t\t\t\t\tAdresse du bien\t\t\t\t\t\t\t<\/label>\n\t\t\t\t\t\t\t\t\t\t\t\t\t\t<input size=\"1\" type=\"text\" name=\"form_fields[field_58c4f2c]\" id=\"form-field-field_58c4f2c\" class=\"elementor-field elementor-size-sm  elementor-field-textual\">\n\t\t\t\t\t\t\t\t\t\t\t<\/div>\n\t\t\t\t\t\t\t\t<div class=\"elementor-field-type-select elementor-field-group elementor-column elementor-field-group-field_2250117 elementor-col-33 elementor-md-50\">\n\t\t\t\t\t\t\t\t\t\t\t\t<label for=\"form-field-field_2250117\" class=\"elementor-field-label\">\n\t\t\t\t\t\t\t\tType de bien\t\t\t\t\t\t\t<\/label>\n\t\t\t\t\t\t\t\t<div class=\"elementor-field elementor-select-wrapper remove-before \">\n\t\t\t<div class=\"select-caret-down-wrapper\">\n\t\t\t\t<svg aria-hidden=\"true\" class=\"e-font-icon-svg e-eicon-caret-down\" viewBox=\"0 0 571.4 571.4\" xmlns=\"http:\/\/www.w3.org\/2000\/svg\"><path d=\"M571 393Q571 407 561 418L311 668Q300 679 286 679T261 668L11 418Q0 407 0 393T11 368 36 357H536Q550 357 561 368T571 393Z\"><\/path><\/svg>\t\t\t<\/div>\n\t\t\t<select name=\"form_fields[field_2250117]\" id=\"form-field-field_2250117\" class=\"elementor-field-textual elementor-size-sm\">\n\t\t\t\t\t\t\t\t\t<option value=\"Maison\">Maison<\/option>\n\t\t\t\t\t\t\t\t\t<option value=\"Appartement\">Appartement<\/option>\n\t\t\t\t\t\t\t\t\t<option value=\"Local commercial\">Local commercial<\/option>\n\t\t\t\t\t\t\t\t\t<option value=\"Terrain\">Terrain<\/option>\n\t\t\t\t\t\t\t\t\t<option value=\"Parking\">Parking<\/option>\n\t\t\t\t\t\t\t\t\t<option value=\"Autre\">Autre<\/option>\n\t\t\t\t\t\t\t<\/select>\n\t\t<\/div>\n\t\t\t\t\t\t<\/div>\n\t\t\t\t\t\t\t\t<div class=\"elementor-field-type-number elementor-field-group elementor-column elementor-field-group-field_589a0e2 elementor-col-33 elementor-md-50\">\n\t\t\t\t\t\t\t\t\t\t\t\t<label for=\"form-field-field_589a0e2\" class=\"elementor-field-label\">\n\t\t\t\t\t\t\t\tSurface\t\t\t\t\t\t\t<\/label>\n\t\t\t\t\t\t\t\t\t<input type=\"number\" name=\"form_fields[field_589a0e2]\" id=\"form-field-field_589a0e2\" class=\"elementor-field elementor-size-sm  elementor-field-textual\" placeholder=\"0\" min=\"0\" max=\"\" >\n\t\t\t\t\t\t<\/div>\n\t\t\t\t\t\t\t\t<div class=\"elementor-field-type-number elementor-field-group elementor-column elementor-field-group-field_2cdc665 elementor-col-30 elementor-md-50\">\n\t\t\t\t\t\t\t\t\t\t\t\t<label for=\"form-field-field_2cdc665\" class=\"elementor-field-label\">\n\t\t\t\t\t\t\t\tNombre de chambres\t\t\t\t\t\t\t<\/label>\n\t\t\t\t\t\t\t\t\t<input type=\"number\" name=\"form_fields[field_2cdc665]\" id=\"form-field-field_2cdc665\" class=\"elementor-field elementor-size-sm  elementor-field-textual\" placeholder=\"0\" min=\"0\" max=\"\" >\n\t\t\t\t\t\t<\/div>\n\t\t\t\t\t\t\t\t<div class=\"elementor-field-type-select elementor-field-group elementor-column elementor-field-group-field_8e721e0 elementor-col-30 elementor-field-type-select-multiple\">\n\t\t\t\t\t\t\t\t\t\t\t\t<label for=\"form-field-field_8e721e0\" class=\"elementor-field-label\">\n\t\t\t\t\t\t\t\tLe bien dispose-t-il de\t\t\t\t\t\t\t<\/label>\n\t\t\t\t\t\t\t\t<div class=\"elementor-field elementor-select-wrapper remove-before \">\n\t\t\t<div class=\"select-caret-down-wrapper\">\n\t\t\t\t\t\t\t<\/div>\n\t\t\t<select name=\"form_fields[field_8e721e0][]\" id=\"form-field-field_8e721e0\" class=\"elementor-field-textual elementor-size-sm\" multiple=\"\">\n\t\t\t\t\t\t\t\t\t<option value=\"Jardin\">Jardin<\/option>\n\t\t\t\t\t\t\t\t\t<option value=\"Terrasse\">Terrasse<\/option>\n\t\t\t\t\t\t\t\t\t<option value=\"Garage\">Garage<\/option>\n\t\t\t\t\t\t\t\t\t<option value=\"Cave\">Cave<\/option>\n\t\t\t\t\t\t\t\t\t<option value=\"Balcon\">Balcon<\/option>\n\t\t\t\t\t\t\t\t\t<option value=\"Ascenseur\">Ascenseur<\/option>\n\t\t\t\t\t\t\t\t\t<option value=\"Aucun de ces \u00e9l\u00e9ments\">Aucun de ces \u00e9l\u00e9ments<\/option>\n\t\t\t\t\t\t\t<\/select>\n\t\t<\/div>\n\t\t\t\t\t\t<\/div>\n\t\t\t\t\t\t\t\t<div class=\"elementor-field-type-textarea elementor-field-group elementor-column elementor-field-group-message elementor-col-70\">\n\t\t\t\t\t\t\t\t\t\t\t\t<label for=\"form-field-message\" class=\"elementor-field-label\">\n\t\t\t\t\t\t\t\tVotre Message\t\t\t\t\t\t\t<\/label>\n\t\t\t\t\t\t<textarea class=\"elementor-field-textual elementor-field  elementor-size-sm\" name=\"form_fields[message]\" id=\"form-field-message\" rows=\"4\" placeholder=\"Message\"><\/textarea>\t\t\t\t<\/div>\n\t\t\t\t\t\t\t\t<div class=\"elementor-field-group elementor-column elementor-field-type-submit elementor-col-100 e-form__buttons\">\n\t\t\t\t\t<button class=\"elementor-button elementor-size-sm\" type=\"submit\">\n\t\t\t\t\t\t<span class=\"elementor-button-content-wrapper\">\n\t\t\t\t\t\t\t\t\t\t\t\t\t\t\t\t\t\t\t\t\t\t<span class=\"elementor-button-text\">Envoyer<\/span>\n\t\t\t\t\t\t\t\t\t\t\t\t\t<\/span>\n\t\t\t\t\t<\/button>\n\t\t\t\t<\/div>\n\t\t\t<\/div>\n\t\t<\/form>\n\t\t\t\t\t\t<\/div>\n\t\t\t\t<\/div>\n\t\t\t\t\t<\/div>\n\t\t\t\t<\/div>\n\t\t\t\t<\/div>\n\t\t","protected":false},"excerpt":{"rendered":"<p>Estimation de Votre Bien Immobilier Chez Anthony\u2019s Immobilier &#8211; Agence Epoque Gestion, nous savons \u00e0 quel point il est important de conna\u00eetre la juste valeur de votre bien immobilier, que vous souhaitiez vendre, louer ou simplement avoir une id\u00e9e pr\u00e9cise de sa valeur sur le march\u00e9. Gr\u00e2ce \u00e0 notre expertise locale et \u00e0 notre connaissance [&hellip;]<\/p>\n","protected":false},"author":1,"featured_media":0,"parent":0,"menu_order":0,"comment_status":"closed","ping_status":"closed","template":"elementor_header_footer","meta":{"footnotes":""},"class_list":["post-3792","page","type-page","status-publish","hentry"],"_links":{"self":[{"href":"https:\/\/dev.jfm-audit.com\/epoque-gestion\/wp-json\/wp\/v2\/pages\/3792","targetHints":{"allow":["GET"]}}],"collection":[{"href":"https:\/\/dev.jfm-audit.com\/epoque-gestion\/wp-json\/wp\/v2\/pages"}],"about":[{"href":"https:\/\/dev.jfm-audit.com\/epoque-gestion\/wp-json\/wp\/v2\/types\/page"}],"author":[{"embeddable":true,"href":"https:\/\/dev.jfm-audit.com\/epoque-gestion\/wp-json\/wp\/v2\/users\/1"}],"replies":[{"embeddable":true,"href":"https:\/\/dev.jfm-audit.com\/epoque-gestion\/wp-json\/wp\/v2\/comments?post=3792"}],"version-history":[{"count":88,"href":"https:\/\/dev.jfm-audit.com\/epoque-gestion\/wp-json\/wp\/v2\/pages\/3792\/revisions"}],"predecessor-version":[{"id":6278,"href":"https:\/\/dev.jfm-audit.com\/epoque-gestion\/wp-json\/wp\/v2\/pages\/3792\/revisions\/6278"}],"wp:attachment":[{"href":"https:\/\/dev.jfm-audit.com\/epoque-gestion\/wp-json\/wp\/v2\/media?parent=3792"}],"curies":[{"name":"wp","href":"https:\/\/api.w.org\/{rel}","templated":true}]}}